
Let z(w) = w**3 - 3*w**2 - 2*w - 3. Let q(i) = 2*i - 1 + 0*i + i + i**2. Let k be q(-4). What is z(k)?
-9
Let n(j) = -j**3 + 11*j**2 + 11*j + 10. Suppose 27 = 11*b - 105. Determine n(b).
-2
Let n(t) = -t**2 + 7*t - 1. Let y be n(7). Let v be (1 - 5) + 0 + 6. Let a(j) = 80 + 8*j + v*j - 79 - j. What is a(y)?
-8
Let x = -13 - -16. Suppose m - 2*m = x. Let o = -2 - m. Let i(h) = 14*h - 1. Give i(o).
13
Let w(z) = -z**2 + 14*z + 2. Let p be 118/8 + (-959)/548. What is w(p)?
15
Let u be 1/1 - (-140)/14. Suppose d = i + u, -d + 10 - 29 = 5*i. Let f(w) = -4*w**2. Let x(l) = l**2. Let t(b) = d*f(b) + 30*x(b). Determine t(1).
6
Let a = 3027 - 3033. Let s(f) = f**3 + 7*f**2 + 6*f + 8. Calculate s(a).
8
Suppose -6*q = -4 - 14. Let h(d) be the second derivative of 0 - 1/4*d**4 + 1/2*d**2 - 7*d - 1/6*d**q. Calculate h(1).
-3
Let g(t) = t**2 - 9*t - 5. Let q be g(11). Let i(n) = 23 - 7 - 8*n - q. Determine i(1).
-9
Let k(s) = 2*s**2 - 3*s + 1. Let u be k(2). Let w(v) be the first derivative of -v**2/2 - 5131. Determine w(u).
-3
Suppose 3*h = 2*r + 11, 4*r + 0 - 2 = -2*h. Let n(c) = -4*c + 2. Let g(q) = -q. Let a(d) = h*g(d) - n(d). Calculate a(-4).
-6
Let n(y) = -y**2 + 7*y + 5. Suppose -3*r + 0*t + 3 = 3*t, -4*r = -2*t + 20. Let v(i) = -9*i - 3. Let u be v(r). Let c be (-1)/(4/u*-1). What is n(c)?
11
Let p be -3*((-1)/(-2))/(3/(-6)). Suppose -7*o + 10*o - p = 0. Let k(t) = 10*t**2 - t + 1. Give k(o).
10
Let g(s) be the second derivative of s**3/6 - 3*s**2 - 145*s + 2. Determine g(5).
-1
Let c(z) = 4*z - z + 3 + 7*z - 7*z + 3*z. Let g(f) be the first derivative of f**3/3 + 7*f**2/2 - 10*f - 1. Let m be g(-8). Give c(m).
-9
Let h(c) = c**2 - 3. Let y be h(3). Let r(x) be the first derivative of x**3/3 - 3*x**2 + 2*x + 737. What is r(y)?
2
Let z(v) = -3*v - 7. Let o be (3 - 1)/((195/26)/(-15)). Determine z(o).
5
Let r(i) = -i**2 - 3*i - 3. Suppose -10*v - 30 = -0*v. Determine r(v).
-3
Let o(x) = -3*x - 4. Let t(u) = u + 5. Let g(d) = o(d) + t(d). Suppose 0*r + 4*r = -4. Calculate g(r).
3
Let p(a) = 39*a - 358. Let w be p(9). Let i(n) = n**2 + 8*n + 4. What is i(w)?
-3
Let q be 266/(-95)*5/(-2). Let b(z) = -z**3 + 7*z**2 - z + 1. Determine b(q).
-6
Let s = -14 - -47. Suppose 3*i = 4*z - 20 + 46, 5*z + s = 4*i. Let u(o) = o**i - 3*o + 0*o**2 + 9*o. Give u(-5).
-5
Let k(z) = 66*z**2 - z + 9. Let b(h) = 23*h**2 + 3. Let s(i) = -11*b(i) + 4*k(i). Give s(2).
39
Let g(z) = z - 6. Let n be g(8). Suppose h - 7*h = n*h. Let p(k) = k - 7. Determine p(h).
-7
Let c(p) = 14*p - p**3 - 50*p**2 + 7 - 3*p + 14*p**2 + 26*p**2. Calculate c(-11).
7
Let c be (2 + (-8 - -6))*-1. Let x(j) be the third derivative of c + 0*j + 5*j**2 - 1/6*j**3 - 1/6*j**4 + 1/60*j**5. Calculate x(3).
-4
Let h be ((-15)/(-10))/((-15)/10). Let n(f) = f - 2. Let u(d) = -d + 14. Let s(c) = h*u(c) - 2*n(c). Suppose -3*j = -4*k - 8 - 1, 0 = 5*k + 3*j + 45. Give s(k).
-4
Suppose -2*k = -6 - 0. Let s(n) = -n**2 - n + 6. Let i(y) = 7 - 4*y - y**2 + 0*y**2 + 4*y - 2*y. Let f(j) = 4*i(j) - 5*s(j). What is f(k)?
-2
Suppose 0*v - 3*v = 0. Let d(l) = 2*l**3 + l**2 + 2*l + 2. What is d(v)?
2
Suppose -19 = -12*o + 5. Let r(n) = 5*n - 1. Give r(o).
9
Let d(n) be the first derivative of n**4/4 + n**2 - n - 3. Let r be 60/40 - (-2)/(-4). Calculate d(r).
2
Suppose -5*u + 95 = -45. Let l(n) = u*n + 4 - 29*n - 4. Let j = 6 + 0. Calculate l(j).
-6
Let y(g) = -5*g**3 - g**2 + 3*g - 1. Let w(v) = v**3 + v**2 + 1. Let t(d) = 4*w(d) + y(d). What is t(4)?
-1
Let j(i) = i**3 - 5*i**2 - 3*i - 3. Let n be j(6). Let u be 3*-1*n/9. Let w(v) be the first derivative of v**4/4 + 5*v**3/3 + v**2 + 4*v - 5. Determine w(u).
-6
Let y(n) = n**3 + 7*n**2 - 9*n - 3. Let z be (-1)/2 + (-295)/10. Let t = 22 + z. Determine y(t).
5
Let b(r) = -r**3 - 4*r**2 - 8. Let z(o) = -2*o**2 - 21*o + 150. Let v be z(5). What is b(v)?
17
Let c(a) be the third derivative of -a**6/120 + a**5/10 - a**4/24 + 4*a**3/3 - 7*a**2. Suppose -5*t + 0 = -30. Calculate c(t).
2
Let x(j) = 4*j**3 + 34*j**2 + 13*j + 9. Let l(u) = -2*u**3 - 16*u**2 - 7*u - 4. Let b(s) = 5*l(s) + 2*x(s). Calculate b(-5).
-7
Let j(r) = r**3 - 6*r**2 + 3*r + 16. Let z = 1282 + -1277. Calculate j(z).
6
Suppose 0 = 3*y + 2 + 4, -3*p = -5*y - 43. Let m = p - 7. Suppose 0 = -z - m - 1. Let x(i) = -i**2 - 4*i + 6. Calculate x(z).
1
Let g(c) = 4*c**2 - 1 + 6*c - 2 - 3*c**2. Suppose 5*a - 48 = -18. Let k(o) = o**2 - 7*o - 1. Let r be k(a). Determine g(r).
4
Let u(m) = -23*m. Suppose -2*x = j - 3, 7 - 8 = 5*j + 2*x. What is u(j)?
23
Let f(i) = 2*i - 12. Let c be f(-10). Let o be (48/c)/((1*2)/4). Let g(p) = 2*p - 3. Calculate g(o).
-9
Suppose 7*q + 2*w + 1 = 8*q, 5 = 3*q - 5*w. Let s(n) = 8*n - 46. Give s(q).
-6
Suppose 10 = -2*t, t + 3*t = -4*i - 16. Let z(q) = -q**3 + q**2 + q. Let w(m) = 27*m**3 - 7*m**2 - 3*m - 1. Let y(u) = w(u) + 5*z(u). Determine y(i).
21
Let f(y) be the third derivative of 0 + 0*y**4 - 1/6*y**3 + 0*y - 3*y**2 - 1/10*y**5. Determine f(-1).
-7
Let b = 39 - 40. Let c be (8/(-6) - b)*3*5. Let y(s) = 4*s + 4. Give y(c).
-16
Let w(m) = m**2 - m - 5. Suppose 25*u + 102 = -9*u. Calculate w(u).
7
Let g(z) be the second derivative of -z**4/12 - 5*z**2/2 - 214*z. What is g(3)?
-14
Let c be (-2)/3 + 2510/30. Let w(n) = 11*n**3 - 26*n**3 + 82 - c. Give w(-1).
14
Let s be (-1)/(2/1*2/(-8)). Let t(g) = 3*g**2 + 2*g - 3. Determine t(s).
13
Let i(l) be the third derivative of 1/3*l**3 + 0 + 0*l + 7*l**2 + 0*l**5 - 7/12*l**4 + 1/360*l**6. Let o(h) be the first derivative of i(h). What is o(0)?
-14
Let q(o) be the second derivative of o**3/6 + o**2 + 2*o - 1. What is q(-4)?
-2
Let c = 9 + -6. Let l be -3 + 3 - c - -8. Let r(a) = -2 + l*a - a**2 + 2 - 4*a + 1. Give r(3).
-5
Suppose 11*v - 43 = -32. Let y(m) = -7*m**2 - 3*m + 2. Calculate y(v).
-8
Let f(q) = q**3 - 12*q**2 - 12*q - 18. Let s(i) = 12*i**3 + 3*i**2 - i - 1. Let r be s(1). Calculate f(r).
-5
Let h = -403 - -404. Let z(b) = 2*b**2 + b. Calculate z(h).
3
Let p(w) = 3*w + 7. Let a(d) = 6*d + 13. Let q(k) = 6*a(k) - 11*p(k). Let v(m) = 7*m + 2. Let u(c) = -9*q(c) + 4*v(c). What is u(-5)?
-6
Let x be (-20)/40 - (-33)/60. Let v(t) be the second derivative of 1/3*t**4 + 0 + 3*t + x*t**5 - 7/6*t**3 - 5/2*t**2. What is v(-5)?
5
Let h(l) = 21*l - 1. Suppose 8*v - 22 = -3*v. Suppose t = -4*c + v*c - 3, 0 = -3*t - 15. What is h(c)?
20
Let j(y) be the second derivative of -y**5/20 - y**4/12 + 5*y**3/6 + y**2 - 2*y. Suppose -6 = -7*f - 27. Give j(f).
5
Let v(u) be the second derivative of -u**3 - 5*u**2 - 3*u + 2. Let y(t) = t + 1. Let h(s) = -2*v(s) - 14*y(s). Give h(6).
-6
Let t(d) be the first derivative of -d**2/2 - 3*d + 30. Determine t(5).
-8
Suppose o - 6 = -2. Suppose -3*u = -o*u + 30. Suppose 5*q + u = 5*b, 2*b = -5*q + 3*b - 14. Let d(n) = -3*n**2 - 3*n. Determine d(q).
-6
Suppose 9 = -6*j + 39. Suppose t - 5 = x - 0*x, 0 = -4*t + j*x + 24. Let o(y) = 3*y - 1 + t - 15*y + 1. Give o(1).
-11
Let v(u) = 2*u**2 - 2*u + 9*u + 5 - u**2 - 10*u + 0*u**2. What is v(5)?
15
Let q(m) be the third derivative of -1/20*m**5 + 1/12*m**4 + 0*m + 0 - 1/60*m**6 + 0*m**3 - 12*m**2. Calculate q(-3).
21
Let h(f) = -119 - 86 + 330 - 3*f**2 + 11*f - 98 + 4*f**2. Give h(-5).
-3
Let z(n) = -17*n - 1. Let k(x) = -71*x + 58. Let h(l) = -k(l) + 4*z(l). Calculate h(19).
-5
Suppose -4*h - 11 = a - 4, -3 = h. Suppose -a*o + 38 = 2*i, -3*o = 3*i - 25 + 4. Suppose 5*v = v + o. Let z(j) = -j + 1. Give z(v).
-1
Let c(f) be the third derivative of f**4/24 + f**3 - 3*f**2. Suppose -12 + 8 = z. Let i be 7/(-14) + 22/z. Give c(i).
0
Let m(u) = -u**2 - 4*u - 4. Let t be 6/(-18)*(0 + 6). Let q be 5/((-10)/(-6)) + t. Suppose 2*k - q = -7. Determine m(k).
-1
Let m(i) = -i**2 - 3*i - 2. Let b be 1 - -1 - 19 - 0. Let v = b - -12. Let h = 2 + v. What is m(h)?
-2
Let y(w) be the first derivative of 3*w - 27 + 1/2*w**2. What is y(0)?
3
Let p(k) = -4*k**3 + 2*k - 1. Suppose -15 = -2*f - w, -5*w = -2*f - 3*w. Suppose 4*j + 31 = -x + 4*x, f*x - j - 29 = 0. Let c = x + -4. Calculate p(c).
-3
Let q(g) be the third derivative of g**6/120 - g**5/6 - g**4/12 + g**3 + 206*g**2 + 2. What is q(10)?
-14
Let i(q) = -5*q - 4 + q**2 - 2*q**2 + 2*q**2 - 3*q**2. Suppose 3*o - 3 = -3*c, 2*c - 4*o + 0*o = 32. Let v be (c/(-9))/((-4)/(-18)). Give i(v).
-7
Suppose -2*i + 10 = -2*r, -3*r + i + 18 = 29.